{"id":915,"date":"2019-01-10T10:52:53","date_gmt":"2019-01-10T15:52:53","guid":{"rendered":"http:\/\/www.wglobalbusiness.com\/?page_id=915"},"modified":"2025-07-16T10:56:06","modified_gmt":"2025-07-16T15:56:06","slug":"equipo-de-trabajo","status":"publish","type":"page","link":"https:\/\/www.wglobalbusiness.com\/?page_id=915","title":{"rendered":"equipo de trabajo"},"content":{"rendered":"[vc_row][vc_column][vc_custom_heading source=\u00bbpost_title\u00bb font_container=\u00bbtag:h1|text_align:left\u00bb use_theme_fonts=\u00bbyes\u00bb][\/vc_column][\/vc_row][vc_row][vc_column width=\u00bb1\/4&#8243;][mvc_team_profile member_visibility=\u00bboutset\u00bb image_id=\u00bb510&#8243; memb_name=\u00bbWladimir Uquillas\u00bb memb_prof=\u00bbCEO\u00bb memb_email=\u00bbwuquillas@wglobalbusiness.com\u00bb memb_about=\u00bbExperiencia en Control de Luz Natural y Artificial, iluminaci\u00f3n LED, iluminaci\u00f3n t\u00e9cnica y profesional, entre otras.\u00bb caption_url=\u00bb\u00bb][\/vc_column][vc_column width=\u00bb1\/4&#8243;][\/vc_column][vc_column width=\u00bb1\/4&#8243;][\/vc_column][vc_column width=\u00bb1\/4&#8243;][\/vc_column][\/vc_row]\n","protected":false},"excerpt":{"rendered":"<p>[vc_row][vc_column][vc_custom_heading source=\u00bbpost_title\u00bb font_container=\u00bbtag:h1|text_align:left\u00bb use_theme_fonts=\u00bbyes\u00bb][\/vc_column][\/vc_row][vc_row][vc_column width=\u00bb1\/4&#8243;][mvc_team_profile member_visibility=\u00bboutset\u00bb image_id=\u00bb510&#8243; memb_name=\u00bbWladimir Uquillas\u00bb memb_prof=\u00bbCEO\u00bb memb_email=\u00bbwuquillas@wglobalbusiness.com\u00bb memb_about=\u00bbExperiencia en Control de Luz Natural y Artificial, iluminaci\u00f3n LED, iluminaci\u00f3n t\u00e9cnica y profesional, entre otras.\u00bb caption_url=\u00bb\u00bb][\/vc_column][vc_column width=\u00bb1\/4&#8243;][\/vc_column][vc_column width=\u00bb1\/4&#8243;][\/vc_column][vc_column width=\u00bb1\/4&#8243;][\/vc_column][\/vc_row]<\/p>\n","protected":false},"author":3,"featured_media":0,"parent":0,"menu_order":0,"comment_status":"closed","ping_status":"closed","template":"page-fullwidth.php","meta":{"footnotes":""},"class_list":["post-915","page","type-page","status-publish","hentry"],"_links":{"self":[{"href":"https:\/\/www.wglobalbusiness.com\/index.php?rest_route=\/wp\/v2\/pages\/915","targetHints":{"allow":["GET"]}}],"collection":[{"href":"https:\/\/www.wglobalbusiness.com\/index.php?rest_route=\/wp\/v2\/pages"}],"about":[{"href":"https:\/\/www.wglobalbusiness.com\/index.php?rest_route=\/wp\/v2\/types\/page"}],"author":[{"embeddable":true,"href":"https:\/\/www.wglobalbusiness.com\/index.php?rest_route=\/wp\/v2\/users\/3"}],"replies":[{"embeddable":true,"href":"https:\/\/www.wglobalbusiness.com\/index.php?rest_route=%2Fwp%2Fv2%2Fcomments&post=915"}],"version-history":[{"count":6,"href":"https:\/\/www.wglobalbusiness.com\/index.php?rest_route=\/wp\/v2\/pages\/915\/revisions"}],"predecessor-version":[{"id":1630,"href":"https:\/\/www.wglobalbusiness.com\/index.php?rest_route=\/wp\/v2\/pages\/915\/revisions\/1630"}],"wp:attachment":[{"href":"https:\/\/www.wglobalbusiness.com\/index.php?rest_route=%2Fwp%2Fv2%2Fmedia&parent=915"}],"curies":[{"name":"wp","href":"https:\/\/api.w.org\/{rel}","templated":true}]}}