{"id":86,"date":"2018-12-05T10:53:36","date_gmt":"2018-12-05T15:53:36","guid":{"rendered":"http:\/\/wglobalbusiness.com\/web\/?page_id=86"},"modified":"2025-07-16T11:39:23","modified_gmt":"2025-07-16T16:39:23","slug":"showroom-3d","status":"publish","type":"page","link":"https:\/\/www.wglobalbusiness.com\/?page_id=86","title":{"rendered":"showroom 3D"},"content":{"rendered":"[vc_row][vc_column][vc_custom_heading source=\u00bbpost_title\u00bb font_container=\u00bbtag:h1|text_align:left\u00bb use_theme_fonts=\u00bbyes\u00bb][\/vc_column][\/vc_row][vc_row][vc_column][vc_raw_html][\/vc_raw_html][vc_column_text]WGLOBAL cuenta con un Centro de Experiencias, un nuevo concepto con el que buscamos que nuestras marcas se diferencien de lo que hac\u00edan hasta ahora, transmitiendo los valores de cada marca. Nuestro Centro de Experiencias es un espacio que busca la sostenibilidad y que llama la atenci\u00f3n por su arquitectura y dise\u00f1o. Tambi\u00e9n buscamos ser innovadores y atractivos para los actuales y nuevos profesionales de la arquitectura, interiorismo, dise\u00f1o e ingenier\u00eda.<\/p>\n<p>Proponemos experimentar las marcas y todas las emociones que \u00e9stas ofrecen, m\u00e1s all\u00e1 del producto, en donde los asistentes podr\u00e1n acercarse a las marcas y vivir en tiempo real la aplicaci\u00f3n de nuestros productos en los diferentes tipos de espacios.[\/vc_column_text][\/vc_column][\/vc_row][vc_row][vc_column][vc_masonry_media_grid element_width=\u00bb6&#8243; gap=\u00bb3&#8243; grid_id=\u00bbvc_gid:1752683952183-1b4bc433-4672-5&#8243; include=\u00bb1431,1437,1388,1390,1391,1408,1335,1410,1406,1405,1503,1409,1502,1403,1333,1330,1407&#8243;][\/vc_column][\/vc_row]\n","protected":false},"excerpt":{"rendered":"<p>[vc_row][vc_column][vc_custom_heading source=\u00bbpost_title\u00bb font_container=\u00bbtag:h1|text_align:left\u00bb use_theme_fonts=\u00bbyes\u00bb][\/vc_column][\/vc_row][vc_row][vc_column][vc_raw_html][\/vc_raw_html][vc_column_text]WGLOBAL cuenta con un Centro de Experiencias, un nuevo concepto con el que buscamos que nuestras marcas se diferencien de lo que hac\u00edan hasta ahora, transmitiendo los valores de cada marca. Nuestro Centro de Experiencias es un &hellip; <a href=\"https:\/\/www.wglobalbusiness.com\/?page_id=86\">Continuar<\/a><\/p>\n","protected":false},"author":3,"featured_media":1335,"parent":0,"menu_order":0,"comment_status":"closed","ping_status":"closed","template":"page-fullwidth.php","meta":{"footnotes":""},"class_list":["post-86","page","type-page","status-publish","has-post-thumbnail","hentry"],"_links":{"self":[{"href":"https:\/\/www.wglobalbusiness.com\/index.php?rest_route=\/wp\/v2\/pages\/86","targetHints":{"allow":["GET"]}}],"collection":[{"href":"https:\/\/www.wglobalbusiness.com\/index.php?rest_route=\/wp\/v2\/pages"}],"about":[{"href":"https:\/\/www.wglobalbusiness.com\/index.php?rest_route=\/wp\/v2\/types\/page"}],"author":[{"embeddable":true,"href":"https:\/\/www.wglobalbusiness.com\/index.php?rest_route=\/wp\/v2\/users\/3"}],"replies":[{"embeddable":true,"href":"https:\/\/www.wglobalbusiness.com\/index.php?rest_route=%2Fwp%2Fv2%2Fcomments&post=86"}],"version-history":[{"count":33,"href":"https:\/\/www.wglobalbusiness.com\/index.php?rest_route=\/wp\/v2\/pages\/86\/revisions"}],"predecessor-version":[{"id":1633,"href":"https:\/\/www.wglobalbusiness.com\/index.php?rest_route=\/wp\/v2\/pages\/86\/revisions\/1633"}],"wp:featuredmedia":[{"embeddable":true,"href":"https:\/\/www.wglobalbusiness.com\/index.php?rest_route=\/wp\/v2\/media\/1335"}],"wp:attachment":[{"href":"https:\/\/www.wglobalbusiness.com\/index.php?rest_route=%2Fwp%2Fv2%2Fmedia&parent=86"}],"curies":[{"name":"wp","href":"https:\/\/api.w.org\/{rel}","templated":true}]}}