{"id":467,"date":"2018-12-19T07:31:13","date_gmt":"2018-12-19T12:31:13","guid":{"rendered":"http:\/\/wglobalbusiness.com\/web\/?page_id=467"},"modified":"2025-12-09T16:04:19","modified_gmt":"2025-12-09T21:04:19","slug":"capacitaciones-y-entrenamiento","status":"publish","type":"page","link":"https:\/\/www.wglobalbusiness.com\/?page_id=467","title":{"rendered":"centro de entrenamiento"},"content":{"rendered":"[vc_row][vc_column][vc_custom_heading source=\u00bbpost_title\u00bb font_container=\u00bbtag:h1|text_align:left\u00bb use_theme_fonts=\u00bbyes\u00bb][\/vc_column][\/vc_row][vc_row equal_height=\u00bbyes\u00bb css=\u00bb.vc_custom_1547058430121{margin-top: 2% !important;margin-bottom: 2% !important;}\u00bb][vc_column width=\u00bb1\/2&#8243;][vc_column_text]\n<p data-start=\"205\" data-end=\"544\">La sala de entrenamiento de WGLOBAL Business es un espacio especializado para la capacitaci\u00f3n t\u00e9cnica y certificaci\u00f3n oficial de profesionales en automatizaci\u00f3n y control de iluminaci\u00f3n. Como representantes autorizados de Lutron en Ecuador, Colombia y Venezuela, ofrecemos programas de formaci\u00f3n avalados directamente por la marca.<\/p>\n<p data-start=\"546\" data-end=\"958\">En nuestro centro de entrenamiento, integradores, arquitectos, dise\u00f1adores y especialistas pueden acceder a certificaciones oficiales en los sistemas m\u00e1s demandados del mercado: RadioRA 3, HomeWorks y Athena. Cada sesi\u00f3n combina teor\u00eda, pr\u00e1ctica y programaci\u00f3n sobre equipos reales, permitiendo a los participantes dominar la instalaci\u00f3n, configuraci\u00f3n y operaci\u00f3n de estos ecosistemas profesionales.<\/p>\n<p data-start=\"960\" data-end=\"1342\">Nuestra sala de entrenamiento se ha consolidado como un punto de referencia regional para quienes buscan formaci\u00f3n avanzada, actualizaci\u00f3n t\u00e9cnica y certificaci\u00f3n profesional en soluciones de iluminaci\u00f3n inteligente y control. En WGLOBAL, impulsamos el crecimiento de la industria al elevar el est\u00e1ndar de conocimiento y experiencia de los especialistas que conf\u00edan en nosotros.<\/p>\n[\/vc_column_text][\/vc_column][vc_column width=\u00bb1\/2&#8243;][vc_single_image image=\u00bb1512&#8243; img_size=\u00bbfull\u00bb alignment=\u00bbcenter\u00bb css=\u00bb.vc_custom_1750267602531{margin-bottom: 0px !important;}\u00bb][\/vc_column][\/vc_row][vc_row][vc_column width=\u00bb1\/2&#8243;][vc_single_image image=\u00bb1773&#8243; img_size=\u00bb(725&#215;407)\u00bb alignment=\u00bbcenter\u00bb css=\u00bb.vc_custom_1765314257416{margin-bottom: 0px !important;}\u00bb][\/vc_column][vc_column width=\u00bb1\/2&#8243;][vc_single_image image=\u00bb1546&#8243; img_size=\u00bb(725&#215;407)\u00bb alignment=\u00bbcenter\u00bb css=\u00bb.vc_custom_1750267610037{margin-bottom: 0px !important;}\u00bb][\/vc_column][\/vc_row]\n","protected":false},"excerpt":{"rendered":"<p>[vc_row][vc_column][vc_custom_heading source=\u00bbpost_title\u00bb font_container=\u00bbtag:h1|text_align:left\u00bb use_theme_fonts=\u00bbyes\u00bb][\/vc_column][\/vc_row][vc_row equal_height=\u00bbyes\u00bb css=\u00bb.vc_custom_1547058430121{margin-top: 2% !important;margin-bottom: 2% !important;}\u00bb][vc_column width=\u00bb1\/2&#8243;][vc_column_text] La sala de entrenamiento de WGLOBAL Business es un espacio especializado para la capacitaci\u00f3n t\u00e9cnica y certificaci\u00f3n oficial de profesionales en automatizaci\u00f3n y control de iluminaci\u00f3n. Como representantes autorizados &hellip; <a href=\"https:\/\/www.wglobalbusiness.com\/?page_id=467\">Continuar<\/a><\/p>\n","protected":false},"author":3,"featured_media":1512,"parent":0,"menu_order":0,"comment_status":"closed","ping_status":"closed","template":"page-fullwidth.php","meta":{"footnotes":""},"class_list":["post-467","page","type-page","status-publish","has-post-thumbnail","hentry"],"_links":{"self":[{"href":"https:\/\/www.wglobalbusiness.com\/index.php?rest_route=\/wp\/v2\/pages\/467","targetHints":{"allow":["GET"]}}],"collection":[{"href":"https:\/\/www.wglobalbusiness.com\/index.php?rest_route=\/wp\/v2\/pages"}],"about":[{"href":"https:\/\/www.wglobalbusiness.com\/index.php?rest_route=\/wp\/v2\/types\/page"}],"author":[{"embeddable":true,"href":"https:\/\/www.wglobalbusiness.com\/index.php?rest_route=\/wp\/v2\/users\/3"}],"replies":[{"embeddable":true,"href":"https:\/\/www.wglobalbusiness.com\/index.php?rest_route=%2Fwp%2Fv2%2Fcomments&post=467"}],"version-history":[{"count":20,"href":"https:\/\/www.wglobalbusiness.com\/index.php?rest_route=\/wp\/v2\/pages\/467\/revisions"}],"predecessor-version":[{"id":1774,"href":"https:\/\/www.wglobalbusiness.com\/index.php?rest_route=\/wp\/v2\/pages\/467\/revisions\/1774"}],"wp:featuredmedia":[{"embeddable":true,"href":"https:\/\/www.wglobalbusiness.com\/index.php?rest_route=\/wp\/v2\/media\/1512"}],"wp:attachment":[{"href":"https:\/\/www.wglobalbusiness.com\/index.php?rest_route=%2Fwp%2Fv2%2Fmedia&parent=467"}],"curies":[{"name":"wp","href":"https:\/\/api.w.org\/{rel}","templated":true}]}}